inder when q is divided by 23.
17
Let b(j) = -4394*j + 317. Calculate the remainder when b(-1) is divided by 53.
47
Let r(f) = -f - 9. Let k be r(-13). Suppose q - 18 = k*q. What is the remainder when (10/5 - -1)*(-52)/q is divided by 15?
11
Let o = -631 + 637. Suppose -f = -4*w + 92, -12*f = w - 8*f - o. Calculate the remainder when 33 is divided by w.
11
Let y = 72 - 67. Suppose -t + 4*w = -31 + 7, 5*t + 5*w = 120. Calculate the remainder when t is divided by y.
4
Let r = 192359 - 192334. Suppose -4*m - 380 = -y, -y - 3*m + 4*m = -392. What is the remainder when y is divided by r?
21
Let a(t) = 27*t + 85. Let h be a(-6). Calculate the remainder when 10 - 7 - 2 - h is divided by 29.
20
Let n be 30080/280 - 4/(-7). Suppose 53*p = 65*p - n. Calculate the remainder when 71 is divided by p.
8
Let f = -29760 + 30019. Calculate the remainder when f is divided by 60.
19
Let x = 2283 - 1258. Suppose 39*d + x = 44*d. Calculate the remainder when d is divided by 26.
23
Let p(s) = s**2 - 139*s + 1176. Suppose -k = 2*k - 279. Let y = -65 + k. Calculate the remainder when y is divided by p(9).
4
Calculate the remainder when 328 is divided by (-1935)/(-180) + (-3)/4.
8
Let n = 471 - -102. Let l = n + -536. What is the remainder when 56 is divided by l?
19
Suppose w - 159 = -6*m, 3*w + 27*m - 463 = 23*m. Calculate the remainder when 245 is divided by w.
92
Suppose -176 = -18*g - 14. Suppose 12 = 2*p - 2*i, 2*i - 6 = -p + i. Calculate the remainder when p/4*66/g is divided by 6.
5
Suppose 19*q = 36*q - 952. Suppose -49*v = -q*v + 56. What is the remainder when 79 is divided by v?
7
Suppose -2794 = -48*u - 2458. Let i(x) = 62*x**2 + x - 1. Calculate the remainder when i(1) is divided by u.
6
Suppose 3*b + 112 = 2*o - 237, 0 = 3*o - 5*b - 526. Suppose 162*r + 115 = o*r. Suppose -1022 = 16*g - r*g. What is the remainder when g is divided by 21?
20
Suppose 0 = -55*z + 52*z - 5*h + 181, 3*h = -3. What is the remainder when 156 is divided by z?
32
Suppose -7*p + p + 402 = 0. Suppose 65 = 6*q - 355. Suppose 3*x - 35 - 7 = -b, 5*x - 2*b = q. What is the remainder when p is divided by x?
11
Let q(g) = -g**2 + 35*g - 91. Suppose c - 28 = -5. Calculate the remainder when c is divided by q(32).
3
Let p = -21 - -55. Let z = 257 + -90. Suppose 15*t - 13 = z. Calculate the remainder when p is divided by t.
10
Let p(g) = 4*g**3 + 26*g**2 - 148*g + 19. What is the remainder when p(-8) is divided by 133?
21
Let v(p) = -269*p - 5635. Calculate the remainder when 165 is divided by v(-21).
11
Let b(j) = -15*j. Let m be b(-7). Suppose v + v + c = 39, 0 = 5*v - 5*c - m. Suppose 4*g - 236 = -2*g + 358. Calculate the remainder when g is divided by v.
19
Let u(f) = f**2 - 6*f - 18. Let t be u(8). Calculate the remainder when ((-7)/4)/((-1)/4) is divided by t/(60/75 - 34/30).
1
Let j(x) = x**2 - 26*x + 36. Let a(o) = -o**2 + 10*o + 64. Let b be a(13). What is the remainder when 29 is divided by j(b)?
7
Let p = 4 - 1. Let j be ((-45)/4)/9*-4. Suppose -p*q - 164 = -j*q. What is the remainder when q is divided by 21?
19
What is the remainder when ((-14640)/(-25) + -2)/(4 - (-54)/(-15)) is divided by 86?
83
Calculate the remainder when ((-14460)/2651)/(4/(-110)) is divided by 27.
15
Let t(y) = 80*y**2 - y - 1. What is the remainder when (-190684)/(-399) - (105/441 + (-2)/6) is divided by t(-1)?
78
Calculate the remainder when (-5)/(5/4) - (-165 + 12) is divided by 41.
26
Let w(h) be the first derivative of 5*h**3/3 - h**2 - h - 2. Suppose 286*j - 149188 = -702*j. What is the remainder when j is divided by w(3)?
37
Suppose x = 3*x. Let b(t) = -t**2 - 87*t - 1619. Calculate the remainder when b(-29) is divided by (1 - 3)*(x + -8).
15
Let m(u) = -297*u**3 - u**2 + 6*u + 16. Calculate the remainder when m(-2) is divided by 85.
81
Suppose -285568 = -3*s - 61*s. Calculate the remainder when s is divided by 124.
122
Let d(t) = -t**2 - 30*t - 82. Let x be d(-26). Suppose -35*q = -x*q - 507. What is the remainder when 106 is divided by q?
28
Let q(i) = 587*i + 525. Calculate the remainder when q(0) is divided by 105.
0
Calculate the remainder when 110 is divided by 8 + 165/(-22) - 97/(-2).
12
Let t(c) = -c**3 - 19*c**2 - 28*c - 2061. Calculate the remainder when (32/3)/((-1)/(-3)) is divided by t(-22).
4
Suppose 17*u + 13*u + 3735 = 12795. Calculate the remainder when u is divided by 22.
16
Suppose -12*z + 17*z - 2130 = -5*h, 901 = 2*z - 5*h. Calculate the remainder when z is divided by 55.
48
Suppose 256 - 1224 = -4*r. Suppose 0*k - 34 = -s + 4*k, 5*s = 2*k + r. Calculate the remainder when s is divided by 13.
11
Let m(x) = 5*x**2 - 161*x - 580. Calculate the remainder when 781 is divided by m(36).
53
Calculate the remainder when 922 is divided by (2793/98)/(((-21)/(-48))/7).
10
Let p = 487 + -483. Calculate the remainder when 159 is divided by (90/p)/(186/248).
9
Let u(m) = m**3 - 24*m**2 - 48*m - 54. Suppose 2*y = -3*b + 5*y + 138, 6 = -3*y. What is the remainder when u(26) is divided by b?
6
Suppose -4*j = 3*r - 48, 3*r + 5*j - 57 = -6. Let m = -70 + 73. Let k(o) = 4*o**2 - 11*o + 2. Calculate the remainder when r is divided by k(m).
2
Let v = -137710 - -137721. Calculate the remainder when 4/6*(-69)/(-2) is divided by v.
1
Let y = 8 + -5. Suppose 3*w = 3*b - 492, b + 826 = -5*w + 3*b. Let u = w + 169. What is the remainder when u is divided by y?
0
Let p(d) be the third derivative of d**5/60 - 7*d**4/12 + 10*d**3/3 - 12*d**2. Let c be p(12). Let b = 73 - c. What is the remainder when b is divided by 20?
17
Suppose -82*s = -243*s + 86296. Calculate the remainder when s is divided by 138.
122
Let i(u) = -2*u**2 - 167*u + 207. Calculate the remainder when i(-80) is divided by 35.
32
Let l(n) = 57*n**2 - 6*n + 22. What is the remainder when l(2) is divided by 81?
76
Suppose -4*c = -6*w + 8*w - 380, 0 = -w + c + 205. Let z = w + -166. Calculate the remainder when 131 is divided by z.
29
Suppose 38 - 48 = -2*i. Let v(j) = j**2 + 2*j + 6. What is the remainder when v(i) is divided by 12?
5
Suppose 9*b - 141 = 10*b + 5*n, 129 = -b - 2*n. Let a = b + 161. Suppose 0*p = 4*p - 632. Calculate the remainder when p is divided by a.
38
Calculate the remainder when ((-22)/(528/36))/(9/(-2004)) is divided by 40.
14
Suppose 2*v - 5*v + 18 = 6*v. Calculate the remainder when 44 is divided by v.
0
Suppose -25*r + 89726 - 18182 = -52081. Calculate the remainder when r is divided by 97.
95
Let t be (-12 - -5)*-1*97. Suppose -6*a = a - t. Let d = 154 - a. Calculate the remainder when d is divided by 22.
13
Let j = 41 - 20. Let c be 75*(-2 + -14*4/(-20)). Suppose 4*q + 5*a - 27 = 45, c = 4*q + 2*a. What is the remainder when j is divided by q?
8
Let m(l) = -l**3 - 2*l**2 + 11. Let f be m(0). Let h(w) = 16*w - 171. Calculate the remainder when (23 - 1) + 3 + -1 is divided by h(f).
4
Suppose -3*s + 7*j = 5*j - 80, -116 = -4*s - 2*j. Suppose -s*a + 30*a - 134 = 0. What is the remainder when a is divided by 18?
13
Suppose -d = -a - 2 - 3, d - 5*a + 11 = 0. Let v = -3 + d. What is the remainder when 7 is divided by v?
1
Suppose 76*j - 33360 = 16*j - 20*j. What is the remainder when j is divided by 61?
51
Suppose 5*t + 106 = -p - 1, p - 3*t = -147. Suppose 2*a - 30 = -x, -x - 3*a - 532 + 568 = 0. What is the remainder when ((-5)/(-10))/((-1)/p) is divided by x?
12
Let k = -133 + 375. Let r = k + -232. What is the remainder when (2 - 6) + 52 - 0 is divided by r?
8
Let z(j) = -j**3 + 2*j**2 + 5*j + 16. Let u be z(-3). Suppose -51*b = -u*b - 20. What is the remainder when 38 is divided by b?
2
Let c = -765 + 1147. Suppose -5*p + 131*z - 129*z + 283 = 0, -4*p = 2*z - 212. Calculate the remainder when c is divided by p.
52
Let m = -60 - -70. What is the remainder when m is divided by 5/2*(-37 - -39)?
0
Suppose 76*p + 514 = -50*p + 3412. Calculate the remainder when 6829 is divided by p.
21
Let t(r) = 75*r + 367. Let l be t(-5). What is the remainder when 6/(-8) + (l - 5624/(-32)) is divided by 27?
5
Let s be (0 - 3) + (-30)/(-2). Suppose -s = -3*a + 2*a. Suppose v + 3 = 2*v - 4*y, -3*y = v - 38. What is the remainder when v is divided by a?
11
Suppose -11*v + 11506 + 28722 = -1341. What is the remainder when v is divided by 88?
83
Let r = -8 + 24. Let c = 130 + -38. Suppose -2957*q - c = -2958*q. Calculate the remainder w